 h(v) = v**2 + 16*v + 22. What is h(o)?
7
Let q(c) = c - 8. Suppose -2*t = 10*t - 84. Determine q(t).
-1
Let g(x) = -3*x - 16. Let w be g(-10). Let h(v) = -w + v - 7*v - 3*v + 5 - v**2. Calculate h(-8).
-1
Let g(r) = 4*r + 5. Suppose -10*k = k + 33. Give g(k).
-7
Let b(s) = -s**2 - 20*s - 100. Let n be b(-8). Let o(i) be the second derivative of i**3/6 + i. Calculate o(n).
-4
Let j(i) = i**2 + i - 2. Let u be 492/(-84) - 1/7. Let q be u/(-10) + (-3)/5. What is j(q)?
-2
Let w = 31 - 24. Let s(j) = 2*j + 12. Let u(t) = -5*t - 24. Let g(q) = w*s(q) + 3*u(q). Calculate g(6).
6
Let f(d) = -d**3 + 2*d**2 + 8*d - 23. Let k be f(3). Let w(v) = -v**3 - 8*v**2 - 2*v - 3. Calculate w(k).
13
Suppose -2*f - 2*n + 6*n = 16, 0 = 2*f + n + 1. Let c(r) = -5*r - 3. Give c(f).
7
Suppose -3*s + 7 = n + s, -2*n - 4*s = -6. Let j(t) = -5*t**3 - 2*t**2 + 3*t. Let k(i) = 19*i**3 + 9*i**2 - 13*i. Let c(x) = 9*j(x) + 2*k(x). Determine c(n).
6
Suppose 208 = -10*p + 6*p. Let x = -52 - p. Let z(c) = c**2 - c + 6. Determine z(x).
6
Let z(l) = -8*l + 7. Let c(m) = m**3 - 31*m**2 + 4*m - 127. Let r be c(31). Give z(r).
31
Let c(a) = a**2 - 4*a - 22. Let m be c(7). Let k(w) = -2*w + 1. Give k(m).
3
Let m(o) = -o**2 + 15*o**2 - 15*o - 12*o**2 - 1 + 3*o. What is m(6)?
-1
Let q = 41 - 37. Let n be (2 - -1) + 2*(-6)/q. Let j(b) = -b**3 + b + 5. Give j(n).
5
Let x(i) = -4*i. Let u be x(-2). Let l be u/(-12)*(-351)/6. Let r = l + -37. Let m(k) = k**3 - 2*k**2 + 2*k - 3. Give m(r).
1
Let m(o) = -52350 - 14*o + 0*o**2 + o**2 + 52344. Give m(12).
-30
Let v(c) = c**3 + c**2 + 2*c. Let x be -2 + (2 - (7 + -4)). Give v(x).
-24
Let o = -427 - -424. Let p(b) = -2*b - 1. What is p(o)?
5
Suppose -n = 3*n + 2*w - 220, -163 = -3*n - 2*w. Let s be 2/(-3) + 323/n. Let h(g) = -g**3 + 6*g**2 - 4*g + 3. Give h(s).
8
Let p(h) = -h - 7. Let o(z) = -z**2 - 8*z - 7. Let y be o(-7). Suppose y = -4*g + 6*g + q + 10, -4*q = 0. Calculate p(g).
-2
Let u = -40 - -16. Let c = -19 - u. Suppose -c*k - 4 = -19. Let v(m) = -m**2 + 4*m - 1. Calculate v(k).
2
Let f(m) = 3*m - 56. Let h(w) = -9*w + 152. Let x(u) = 8*f(u) + 3*h(u). What is x(0)?
8
Let f be (-22)/(-44) + 2/4 - -4. Let i(b) = b**3 - 6*b**2 + 4*b + 3. Give i(f).
-2
Let n(y) = y**2 - 11*y + 11. Suppose -61*f = -24*f - 407. Determine n(f).
11
Suppose 3*d - 20 = 2*y, 0 = -5*d + 5*y + 9 + 31. Let l be (d/3)/(20/30). Let n(f) be the third derivative of -f**4/3 + f**3/6 + f**2. Determine n(l).
-15
Let x(w) = w - 6. Let m(f) = 3*f - 14. Let j(q) = 2*m(q) - 5*x(q). Give j(-7).
-5
Suppose -5*n = 5*i, 43*n - 39*n + 2*i = -10. Let w(d) = d**3 + 5*d**2 - 4*d - 1. Give w(n).
19
Let l = -83 + 80. Let q(z) = -z**2 - z + 1. Let w be q(l). Let x(i) = -i**2 - i. Let t(f) = f**3 + 2*f**2 + 2*f + 2. Let c(s) = -t(s) + 4*x(s). Determine c(w).
3
Suppose -7*c + 2*c = -35. Let n = c - 8. Let y = -6 - n. Let i(w) = 2*w + 7. Give i(y).
-3
Let a(w) = -w**2 + 4. Let b be (7/((-49)/14))/(-1). What is a(b)?
0
Suppose 0 = p + 5 - 3. Let q(g) = -g**3 - 3*g**2 - 5*g - 3. What is q(p)?
3
Let i(w) be the third derivative of 0*w + 0 + w**3 - 3*w**2 - 1/60*w**5 + 5/24*w**4. Let d = -331 + 337. Calculate i(d).
0
Let b(w) be the second derivative of -w**3/6 - 3*w**2 - 87*w + 1. Calculate b(18).
-24
Let q = 30 - 26. Let r(s) = -q*s**3 - 4 + 4 + 1 + 3*s**3 - s**2. Let u(n) = -2*n**2 + 2*n - 2. Let z(j) = r(j) + u(j). Give z(-3).
-7
Let n(p) be the second derivative of 1/2*p**2 + 13*p + 9/20*p**5 + 0 - 1/12*p**4 - 1/6*p**3. What is n(1)?
8
Let d(a) = 15*a**2 - 13*a. Let r(n) = -14*n**2 + 11*n. Let m(z) = -5*d(z) - 6*r(z). Determine m(1).
8
Let b(y) = y**2 - y + 1. Let k(x) = x**2 + 7*x - 4. Let v(t) = -2*b(t) + k(t). What is v(6)?
12
Suppose -11 = -4*g + 9. Let z(t) = -t - 1. Let m(s) = 42. Let f(p) = 1. Let u(i) = 35*f(i) - m(i). Let n(a) = -u(a) + 2*z(a). Determine n(g).
-5
Let y(s) be the first derivative of s**3/3 - 11*s**2/2 - 5*s + 92. Determine y(11).
-5
Let x(n) = 8*n**2 - 3072*n - n**3 + 3 + 3072*n. Give x(8).
3
Let r be (-1)/(-7 + (6 - -2)). Let t(v) = 44*v**2. Give t(r).
44
Let s = -3 - -4. Let h(z) = -2*z**2 - 8*z + 2. Let l be h(-2). Let a(v) = -l - s - v + 0 + 3. Determine a(-4).
-4
Let j(s) = -4*s**2 + 57*s + 108. Let q be j(16). Let n(d) = -7*d - 18. Give n(q).
10
Let j(l) be the second derivative of -l**3/6 + l**2/2 + 131*l. What is j(4)?
-3
Let f(w) = -w**2 - 25*w + 6. Let z(v) = -2*v**2 - 44*v + 11. Let p(n) = 7*f(n) - 4*z(n). Let d be 63/27 + 2/(-6). Calculate p(d).
4
Let p(w) be the second derivative of -w**5/20 + 2*w**4/3 - w**3/6 - 6*w. Let l be p(8). Let g(t) = -t - 5. What is g(l)?
3
Let u(q) = q - 2. Let o be u(-3). Let k(l) = -l**2 + 1. Let w(p) = 2*p**2 - p - 1. Let x(g) = -7*k(g) - 3*w(g). Determine x(o).
6
Suppose -98 = -48*i + 34*i. Let h(v) = v**3 - 7*v**2 - v + 10. Calculate h(i).
3
Let w(h) = h**2 - 15*h - 15. Let z be -27 - -24 - (1 + -17). Determine w(z).
-41
Let r(i) = i - 10. Let k be r(7). Let l be k + (-4 - -6)*3. Let x(q) = -q**2 + 3*q + 4. Determine x(l).
4
Let c be (3/(-6))/(3/(-36)). Suppose 4*p - 16 = 0, -c*p + 2*p = -4*w. Let f(t) = 6*t - 6. What is f(w)?
18
Suppose -16*s + 127 = 15. Let i(y) = -y**2 + 8*y + 9. What is i(s)?
16
Let k(q) be the third derivative of -5*q**6/24 + q**5/60 - q**4/24 - q**3/6 + 39*q**2. Give k(-1).
26
Let x = 189 - 195. Let p(s) be the second derivative of -s**6/360 - s**5/15 + s**4/6 + 2*s. Let c(l) be the third derivative of p(l). What is c(x)?
4
Let i(a) = -64*a + 27*a - 2 + 38*a. Calculate i(-6).
-8
Let v(b) be the second derivative of 1/2*b**2 - 4*b + 0 - 1/6*b**3. Let l(p) = 2*p**2. Let r be l(-1). Give v(r).
-1
Let l(b) be the third derivative of 1/60*b**6 + 1/6*b**3 + 1/30*b**5 + 0*b - 1/12*b**4 + 0 + 34*b**2. Calculate l(2).
21
Let v be 0 + 7 + 2 + -6. Let r(a) = 1 + 1 - 1 + 2*a**v - a. Calculate r(1).
2
Let h be 4 + (2 + 2)/2. Let b(q) = q - 1. Let k(j) = -j - 3. Let w(x) = 1. Let o(m) = k(m) + 4*w(m). Let z(a) = -5*b(a) - 4*o(a). Determine z(h).
-5
Let h(g) = 2*g**3 + 5*g + 111 + 44 - 156 + 7*g**2. Give h(-4).
-37
Let j(g) = 4*g**2 - 5*g + 2 - 4*g + 4*g - 2*g**2. Let n(x) = x**2 - 4*x + 2. Let w(z) = -2*j(z) + 3*n(z). Determine w(-4).
-6
Let t(r) be the third derivative of 0 + 1/3*r**3 + 14*r**2 + 1/24*r**4 + 0*r. Determine t(-3).
-1
Let c(b) = 10*b**3 - 5*b**2 - 10*b - 7. Let i(m) = -3*m**3 + 2*m**2 + 3*m + 2. Let q = 43 - 36. Let l(o) = q*i(o) + 2*c(o). Give l(4).
4
Let p(q) be the second derivative of -q**6/360 - q**5/40 - 9*q**3/2 - 31*q. Let a(z) be the second derivative of p(z). Give a(-3).
0
Let b(j) be the second derivative of 0*j**2 + 1/6*j**3 - 16*j + 0. What is b(7)?
7
Let d(a) = -76*a - 76*a - 83*a + 228*a. Suppose -5*j + 15 = -2*j. Suppose 3 = w - 4*w - 2*y, j*w + 5 = -4*y. Calculate d(w).
7
Let j(l) be the first derivative of -15*l**2/2 - l + 167. Calculate j(-3).
44
Let c be ((-46)/115)/(3/(-30)). Let a(s) = -6*s + 3. What is a(c)?
-21
Let j(d) = d**2 + d - 5. Let p be j(-2). Let m(r) = r**3 + 2*r**2 - r + 1. What is m(p)?
-5
Let j = 24 + -25. Let v be 140/(-21) - j/(-3). Let y be (v/(-28))/(2/16). Let h(r) = -r**3 + 4*r**2 - 4*r + 2. What is h(y)?
2
Let l be (-18)/(-12) + 39/6. Let f(b) = b**2 - 10 - 3*b + 21 - l. Determine f(3).
3
Let f(h) be the third derivative of h**4/4 + 7*h**3/2 + 772*h**2. Calculate f(-7).
-21
Let w(t) be the second derivative of t**4/12 - t**3 + 5*t**2/2 + 2*t. Let f = 0 - 16. Let v be 1 - -9 - f/(-4). What is w(v)?
5
Let w(v) = 6*v + 6*v**3 + 6*v**3 + 3*v**2 - 5*v - 4*v**2. Let g(b) = 2*b - 3. Let m be 1/5 - (-27)/15. Let i be g(m). Calculate w(i).
12
Suppose 0 = s - 1 - 1. Let g(t) be the third derivative of 0 + 0*t + 1/60*t**5 + 1/2*t**3 + 27*t**2 - 1/6*t**4. Calculate g(s).
-1
Suppose -9*t + 15*t - 138 = 0. Let w(r) = -r**3 + 22*r**2 + 21*r + 41. What is w(t)?
-5
Let p(l) = -l**2 - 11*l - 4. Let c be p(-11). Let f(t) be the third derivative of -t**5/60 - 5*t**4/24 - t**3 + 27*t**2. Give f(c).
-2
Suppose -2*i = q, -5*i = -q - 1 - 6. Let w(r) be the third derivative of r**6/120 + r**4/12 - r**3/6 + 3*r**2. Calculate w(i).
2
Let c(i) = 9*i**3 + 7*i**2 - 58*i + 2. Let j(f) = 3*f**3 + 2*f**2 - 17*f + 1. Let l(b) = 2*c(b) - 7*j(b). Give l(2).
-21
Let q(f) be the second derivative of f**3/6 - 9*f**2 - 7*f + 23. What is q(11)?
-7
Let c = -22 - -29. Let h(p) = p**2 - 14*p